[INFO] cloning repository https://github.com/MichaelBaker/rspgod
[INFO] running `Command { std: "git" "-c" "credential.helper=" "-c" "credential.helper=/workspace/cargo-home/bin/git-credential-null" "clone" "--bare" "https://github.com/MichaelBaker/rspgod" "/workspace/cache/git-repos/https%3A%2F%2Fgithub.com%2FMichaelBaker%2Frspgod", kill_on_drop: false }`
[INFO] [stderr] Cloning into bare repository '/workspace/cache/git-repos/https%3A%2F%2Fgithub.com%2FMichaelBaker%2Frspgod'...
[INFO] running `Command { std: "git" "rev-parse" "HEAD", kill_on_drop: false }`
[INFO] [stdout] f01540d7b1d7238edb28cbf4ea998d3cf90a03b8
[INFO] checking MichaelBaker/rspgod against master#af3c6e733a40e671550e0f0f5aeecaa13772ba56 for pr-74989
[INFO] running `Command { std: "git" "clone" "/workspace/cache/git-repos/https%3A%2F%2Fgithub.com%2FMichaelBaker%2Frspgod" "/workspace/builds/worker-11/source", kill_on_drop: false }`
[INFO] [stderr] Cloning into '/workspace/builds/worker-11/source'...
[INFO] [stderr] done.
[INFO] validating manifest of git repo https://github.com/MichaelBaker/rspgod on toolchain af3c6e733a40e671550e0f0f5aeecaa13772ba56
[INFO] running `Command { std: "/workspace/cargo-home/bin/cargo" "+af3c6e733a40e671550e0f0f5aeecaa13772ba56" "read-manifest" "--manifest-path" "Cargo.toml", kill_on_drop: false }`
[INFO] started tweaking git repo https://github.com/MichaelBaker/rspgod
[INFO] removed 0 missing tests
[INFO] finished tweaking git repo https://github.com/MichaelBaker/rspgod
[INFO] tweaked toml for git repo https://github.com/MichaelBaker/rspgod written to /workspace/builds/worker-11/source/Cargo.toml
[INFO] crate git repo https://github.com/MichaelBaker/rspgod already has a lockfile, it will not be regenerated
[INFO] running `Command { std: "/workspace/cargo-home/bin/cargo" "+af3c6e733a40e671550e0f0f5aeecaa13772ba56" "fetch" "--locked" "--manifest-path" "Cargo.toml", kill_on_drop: false }`
[INFO] [stderr] warning: An explicit [[test]] section is specified in Cargo.toml which currently
[INFO] [stderr] disables Cargo from automatically inferring other test targets.
[INFO] [stderr] This inference behavior will change in the Rust 2018 edition and the following
[INFO] [stderr] files will be included as a test target:
[INFO] [stderr] 
[INFO] [stderr] * /workspace/builds/worker-11/source/tests/edge_cases.rs
[INFO] [stderr] * /workspace/builds/worker-11/source/tests/basic.rs
[INFO] [stderr] * /workspace/builds/worker-11/source/tests/utils.rs
[INFO] [stderr] 
[INFO] [stderr] This is likely to break cargo build or cargo test as these files may not be
[INFO] [stderr] ready to be compiled as a test target today. You can future-proof yourself
[INFO] [stderr] and disable this warning by adding `autotests = false` to your [package]
[INFO] [stderr] section. You may also move the files to a location where Cargo would not
[INFO] [stderr] automatically infer them to be a target, such as in subfolders.
[INFO] [stderr] 
[INFO] [stderr] For more information on this warning you can consult
[INFO] [stderr] https://github.com/rust-lang/cargo/issues/5330
[INFO] [stderr] error: the lock file /workspace/builds/worker-11/source/Cargo.lock needs to be updated but --locked was passed to prevent this
[INFO] [stderr] If you want to try to generate the lock file without accessing the network, use the --offline flag.
[INFO] the lockfile is outdated, regenerating it
[INFO] running `Command { std: "/workspace/cargo-home/bin/cargo" "+af3c6e733a40e671550e0f0f5aeecaa13772ba56" "generate-lockfile" "--manifest-path" "Cargo.toml" "-Zno-index-update", kill_on_drop: false }`
[INFO] running `Command { std: "/workspace/cargo-home/bin/cargo" "+af3c6e733a40e671550e0f0f5aeecaa13772ba56" "fetch" "--locked" "--manifest-path" "Cargo.toml", kill_on_drop: false }`
[INFO] [stderr] warning: An explicit [[test]] section is specified in Cargo.toml which currently
[INFO] [stderr] disables Cargo from automatically inferring other test targets.
[INFO] [stderr] This inference behavior will change in the Rust 2018 edition and the following
[INFO] [stderr] files will be included as a test target:
[INFO] [stderr] 
[INFO] [stderr] * /workspace/builds/worker-11/source/tests/edge_cases.rs
[INFO] [stderr] * /workspace/builds/worker-11/source/tests/basic.rs
[INFO] [stderr] * /workspace/builds/worker-11/source/tests/utils.rs
[INFO] [stderr] 
[INFO] [stderr] This is likely to break cargo build or cargo test as these files may not be
[INFO] [stderr] ready to be compiled as a test target today. You can future-proof yourself
[INFO] [stderr] and disable this warning by adding `autotests = false` to your [package]
[INFO] [stderr] section. You may also move the files to a location where Cargo would not
[INFO] [stderr] automatically infer them to be a target, such as in subfolders.
[INFO] [stderr] 
[INFO] [stderr] For more information on this warning you can consult
[INFO] [stderr] https://github.com/rust-lang/cargo/issues/5330
[INFO] running `Command { std: "docker" "create" "-v" "/var/lib/crater-agent-workspace/builds/worker-11/target:/opt/rustwide/target:rw,Z" "-v" "/var/lib/crater-agent-workspace/builds/worker-11/source:/opt/rustwide/workdir:ro,Z" "-v" "/var/lib/crater-agent-workspace/cargo-home:/opt/rustwide/cargo-home:ro,Z" "-v" "/var/lib/crater-agent-workspace/rustup-home:/opt/rustwide/rustup-home:ro,Z" "-e" "SOURCE_DIR=/opt/rustwide/workdir" "-e" "CARGO_TARGET_DIR=/opt/rustwide/target" "-e" "CARGO_HOME=/opt/rustwide/cargo-home" "-e" "RUSTUP_HOME=/opt/rustwide/rustup-home" "-w" "/opt/rustwide/workdir" "-m" "1610612736" "--user" "0:0" "--network" "none" "rustops/crates-build-env@sha256:d92eaeed33fa75130ca1ee6c8a01d1ffb62bac859dfdfb3450e3e5d1c0146529" "/opt/rustwide/cargo-home/bin/cargo" "+af3c6e733a40e671550e0f0f5aeecaa13772ba56" "metadata" "--no-deps" "--format-version=1", kill_on_drop: false }`
[INFO] [stdout] b1b15293dceef2440fc3c8091f1a0ed232202d43f4465dfd59de015a25546e28
[INFO] [stderr] WARNING: Your kernel does not support swap limit capabilities or the cgroup is not mounted. Memory limited without swap.
[INFO] running `Command { std: "docker" "start" "-a" "b1b15293dceef2440fc3c8091f1a0ed232202d43f4465dfd59de015a25546e28", kill_on_drop: false }`
[INFO] running `Command { std: "docker" "inspect" "b1b15293dceef2440fc3c8091f1a0ed232202d43f4465dfd59de015a25546e28", kill_on_drop: false }`
[INFO] running `Command { std: "docker" "rm" "-f" "b1b15293dceef2440fc3c8091f1a0ed232202d43f4465dfd59de015a25546e28", kill_on_drop: false }`
[INFO] [stdout] b1b15293dceef2440fc3c8091f1a0ed232202d43f4465dfd59de015a25546e28
[INFO] running `Command { std: "docker" "create" "-v" "/var/lib/crater-agent-workspace/builds/worker-11/target:/opt/rustwide/target:rw,Z" "-v" "/var/lib/crater-agent-workspace/builds/worker-11/source:/opt/rustwide/workdir:ro,Z" "-v" "/var/lib/crater-agent-workspace/cargo-home:/opt/rustwide/cargo-home:ro,Z" "-v" "/var/lib/crater-agent-workspace/rustup-home:/opt/rustwide/rustup-home:ro,Z" "-e" "SOURCE_DIR=/opt/rustwide/workdir" "-e" "CARGO_TARGET_DIR=/opt/rustwide/target" "-e" "CARGO_INCREMENTAL=0" "-e" "RUST_BACKTRACE=full" "-e" "RUSTFLAGS=--cap-lints=forbid" "-e" "CARGO_HOME=/opt/rustwide/cargo-home" "-e" "RUSTUP_HOME=/opt/rustwide/rustup-home" "-w" "/opt/rustwide/workdir" "-m" "1610612736" "--user" "0:0" "--network" "none" "rustops/crates-build-env@sha256:d92eaeed33fa75130ca1ee6c8a01d1ffb62bac859dfdfb3450e3e5d1c0146529" "/opt/rustwide/cargo-home/bin/cargo" "+af3c6e733a40e671550e0f0f5aeecaa13772ba56" "check" "--frozen" "--all" "--all-targets" "--message-format=json", kill_on_drop: false }`
[INFO] [stdout] 9514a836db11f0ba01e42c387788869326e08c9f69f4732e7ae343b3ad96c287
[INFO] [stderr] WARNING: Your kernel does not support swap limit capabilities or the cgroup is not mounted. Memory limited without swap.
[INFO] running `Command { std: "docker" "start" "-a" "9514a836db11f0ba01e42c387788869326e08c9f69f4732e7ae343b3ad96c287", kill_on_drop: false }`
[INFO] [stderr] warning: An explicit [[test]] section is specified in Cargo.toml which currently
[INFO] [stderr] disables Cargo from automatically inferring other test targets.
[INFO] [stderr] This inference behavior will change in the Rust 2018 edition and the following
[INFO] [stderr] files will be included as a test target:
[INFO] [stderr] 
[INFO] [stderr] * /opt/rustwide/workdir/tests/edge_cases.rs
[INFO] [stderr] * /opt/rustwide/workdir/tests/basic.rs
[INFO] [stderr] * /opt/rustwide/workdir/tests/utils.rs
[INFO] [stderr] 
[INFO] [stderr] This is likely to break cargo build or cargo test as these files may not be
[INFO] [stderr] ready to be compiled as a test target today. You can future-proof yourself
[INFO] [stderr] and disable this warning by adding `autotests = false` to your [package]
[INFO] [stderr] section. You may also move the files to a location where Cargo would not
[INFO] [stderr] automatically infer them to be a target, such as in subfolders.
[INFO] [stderr] 
[INFO] [stderr] For more information on this warning you can consult
[INFO] [stderr] https://github.com/rust-lang/cargo/issues/5330
[INFO] [stderr]    Compiling rand_core v0.4.2
[INFO] [stderr]    Compiling autocfg v0.1.7
[INFO] [stderr]    Compiling libc v0.2.77
[INFO] [stderr]    Compiling siphasher v0.2.3
[INFO] [stderr]    Compiling log v0.4.11
[INFO] [stderr]     Checking bufstream v0.1.4
[INFO] [stderr]     Checking rustc-serialize v0.3.24
[INFO] [stderr]    Compiling phf_shared v0.7.24
[INFO] [stderr]    Compiling rand_core v0.3.1
[INFO] [stderr]    Compiling rand_jitter v0.1.4
[INFO] [stderr]    Compiling rand_isaac v0.1.1
[INFO] [stderr]    Compiling rand_hc v0.1.0
[INFO] [stderr]    Compiling rand_xorshift v0.1.1
[INFO] [stderr]     Checking phf v0.7.24
[INFO] [stderr]    Compiling rand_pcg v0.1.2
[INFO] [stderr]    Compiling rand_chacha v0.1.1
[INFO] [stderr]    Compiling rand v0.6.5
[INFO] [stderr]     Checking log v0.3.9
[INFO] [stderr]    Compiling rand_os v0.1.3
[INFO] [stderr]    Compiling phf_generator v0.7.24
[INFO] [stderr]    Compiling phf_codegen v0.7.24
[INFO] [stderr]    Compiling postgres v0.9.6
[INFO] [stderr]     Checking rspgod v0.1.0 (/opt/rustwide/workdir)
[INFO] [stdout] error[E0583]: file not found for module `postgres_bindings`
[INFO] [stdout]   --> src/lib.rs:14:1
[INFO] [stdout]    |
[INFO] [stdout] 14 | pub mod postgres_bindings;
[INFO] [stdout]    | ^^^^^^^^^^^^^^^^^^^^^^^^^^
[INFO] [stdout]    |
[INFO] [stdout]    = help: to create the module `postgres_bindings`, create file "src/postgres_bindings.rs"
[INFO] [stdout] 
[INFO] [stdout] 
[INFO] [stdout] error[E0432]: unresolved imports `postgres_bindings::format_type_be`, `postgres_bindings::getTypeOutputInfo`, `postgres_bindings::get_namespace_name`, `postgres_bindings::macrowrap_PG_DETOAST_DATUM`, `postgres_bindings::macrowrap_PointerGetDatum`, `postgres_bindings::macrowrap_RelationGetNamespace`, `postgres_bindings::macrowrap_RelationGetRelationName`, `postgres_bindings::macrowrap_heap_getattr`, `postgres_bindings::pfree`, `postgres_bindings::list_free`, `postgres_bindings::relation_close`, `postgres_bindings::relation_open`, `postgres_bindings::Datum`, `postgres_bindings::HeapTuple`, `postgres_bindings::Oid`, `postgres_bindings::OidOutputFunctionCall`, `postgres_bindings::Struct_FormData_pg_attribute`, `postgres_bindings::TupleDesc`, `postgres_bindings::ReorderBufferTupleBuf`, `postgres_bindings::Relation`, `postgres_bindings::RelationGetReplicaIndex`, `postgres_bindings::RelationGetIndexList`
[INFO] [stdout]   --> src/postgres.rs:12:5
[INFO] [stdout]    |
[INFO] [stdout] 12 |     format_type_be,
[INFO] [stdout]    |     ^^^^^^^^^^^^^^ no `format_type_be` in `postgres_bindings`
[INFO] [stdout] 13 |     getTypeOutputInfo,
[INFO] [stdout]    |     ^^^^^^^^^^^^^^^^^ no `getTypeOutputInfo` in `postgres_bindings`
[INFO] [stdout] 14 |     get_namespace_name,
[INFO] [stdout]    |     ^^^^^^^^^^^^^^^^^^ no `get_namespace_name` in `postgres_bindings`
[INFO] [stdout] 15 |     macrowrap_PG_DETOAST_DATUM,
[INFO] [stdout]    |     ^^^^^^^^^^^^^^^^^^^^^^^^^^ no `macrowrap_PG_DETOAST_DATUM` in `postgres_bindings`
[INFO] [stdout] 16 |     macrowrap_PointerGetDatum,
[INFO] [stdout]    |     ^^^^^^^^^^^^^^^^^^^^^^^^^ no `macrowrap_PointerGetDatum` in `postgres_bindings`
[INFO] [stdout] 17 |     macrowrap_RelationGetNamespace,
[INFO] [stdout]    |     ^^^^^^^^^^^^^^^^^^^^^^^^^^^^^^ no `macrowrap_RelationGetNamespace` in `postgres_bindings`
[INFO] [stdout] 18 |     macrowrap_RelationGetRelationName,
[INFO] [stdout]    |     ^^^^^^^^^^^^^^^^^^^^^^^^^^^^^^^^^ no `macrowrap_RelationGetRelationName` in `postgres_bindings`
[INFO] [stdout] 19 |     macrowrap_heap_getattr,
[INFO] [stdout]    |     ^^^^^^^^^^^^^^^^^^^^^^ no `macrowrap_heap_getattr` in `postgres_bindings`
[INFO] [stdout] 20 |     pfree,
[INFO] [stdout]    |     ^^^^^ no `pfree` in `postgres_bindings`
[INFO] [stdout] 21 |     list_free,
[INFO] [stdout]    |     ^^^^^^^^^ no `list_free` in `postgres_bindings`
[INFO] [stdout] 22 |     relation_close,
[INFO] [stdout]    |     ^^^^^^^^^^^^^^
[INFO] [stdout] 23 |     relation_open,
[INFO] [stdout]    |     ^^^^^^^^^^^^^
[INFO] [stdout] 24 |     Datum,
[INFO] [stdout]    |     ^^^^^
[INFO] [stdout] 25 |     HeapTuple,
[INFO] [stdout]    |     ^^^^^^^^^
[INFO] [stdout] 26 |     Oid,
[INFO] [stdout]    |     ^^^
[INFO] [stdout] 27 |     OidOutputFunctionCall,
[INFO] [stdout]    |     ^^^^^^^^^^^^^^^^^^^^^
[INFO] [stdout] 28 |     Struct_FormData_pg_attribute,
[INFO] [stdout]    |     ^^^^^^^^^^^^^^^^^^^^^^^^^^^^
[INFO] [stdout] 29 |     TupleDesc,
[INFO] [stdout]    |     ^^^^^^^^^
[INFO] [stdout] 30 |     ReorderBufferTupleBuf,
[INFO] [stdout]    |     ^^^^^^^^^^^^^^^^^^^^^
[INFO] [stdout] 31 |     Relation,
[INFO] [stdout]    |     ^^^^^^^^
[INFO] [stdout] 32 |     RelationGetReplicaIndex,
[INFO] [stdout]    |     ^^^^^^^^^^^^^^^^^^^^^^^
[INFO] [stdout] 33 |     RelationGetIndexList,
[INFO] [stdout]    |     ^^^^^^^^^^^^^^^^^^^^
[INFO] [stdout] 
[INFO] [stdout] 
[INFO] [stdout] error[E0432]: unresolved imports `postgres_bindings::LogicalDecodingContext`, `postgres_bindings::OutputPluginOptions`, `postgres_bindings::Relation`, `postgres_bindings::ReorderBufferChange`, `postgres_bindings::ReorderBufferTXN`, `postgres_bindings::Struct_StringInfoData`, `postgres_bindings::OUTPUT_PLUGIN_TEXTUAL_OUTPUT`, `postgres_bindings::REORDER_BUFFER_CHANGE_DELETE`, `postgres_bindings::REORDER_BUFFER_CHANGE_INSERT`, `postgres_bindings::REORDER_BUFFER_CHANGE_UPDATE`
[INFO] [stdout]   --> src/lib.rs:30:5
[INFO] [stdout]    |
[INFO] [stdout] 30 |     LogicalDecodingContext,
[INFO] [stdout]    |     ^^^^^^^^^^^^^^^^^^^^^^ no `LogicalDecodingContext` in `postgres_bindings`
[INFO] [stdout] 31 |     OutputPluginOptions,
[INFO] [stdout]    |     ^^^^^^^^^^^^^^^^^^^ no `OutputPluginOptions` in `postgres_bindings`
[INFO] [stdout] 32 |     Relation,
[INFO] [stdout]    |     ^^^^^^^^ no `Relation` in `postgres_bindings`
[INFO] [stdout] 33 |     ReorderBufferChange,
[INFO] [stdout]    |     ^^^^^^^^^^^^^^^^^^^ no `ReorderBufferChange` in `postgres_bindings`
[INFO] [stdout] 34 |     ReorderBufferTXN,
[INFO] [stdout]    |     ^^^^^^^^^^^^^^^^ no `ReorderBufferTXN` in `postgres_bindings`
[INFO] [stdout] 35 |     Struct_StringInfoData,
[INFO] [stdout]    |     ^^^^^^^^^^^^^^^^^^^^^ no `Struct_StringInfoData` in `postgres_bindings`
[INFO] [stdout] 36 |     OUTPUT_PLUGIN_TEXTUAL_OUTPUT,
[INFO] [stdout]    |     ^^^^^^^^^^^^^^^^^^^^^^^^^^^^ no `OUTPUT_PLUGIN_TEXTUAL_OUTPUT` in `postgres_bindings`
[INFO] [stdout] 37 |     REORDER_BUFFER_CHANGE_DELETE,
[INFO] [stdout]    |     ^^^^^^^^^^^^^^^^^^^^^^^^^^^^ no `REORDER_BUFFER_CHANGE_DELETE` in `postgres_bindings`
[INFO] [stdout] 38 |     REORDER_BUFFER_CHANGE_INSERT,
[INFO] [stdout]    |     ^^^^^^^^^^^^^^^^^^^^^^^^^^^^ no `REORDER_BUFFER_CHANGE_INSERT` in `postgres_bindings`
[INFO] [stdout] 39 |     REORDER_BUFFER_CHANGE_UPDATE,
[INFO] [stdout]    |     ^^^^^^^^^^^^^^^^^^^^^^^^^^^^ no `REORDER_BUFFER_CHANGE_UPDATE` in `postgres_bindings`
[INFO] [stdout] 
[INFO] [stdout] 
[INFO] [stdout] warning: use of deprecated macro `try`: use the `?` operator instead
[INFO] [stdout]    --> src/postgres.rs:185:19
[INFO] [stdout]     |
[INFO] [stdout] 185 |       let slice = try!(std::str::from_utf8(slice.to_bytes()));
[INFO] [stdout]     |                   ^^^
[INFO] [stdout]     |
[INFO] [stdout]     = note: `#[warn(deprecated)]` on by default
[INFO] [stdout] 
[INFO] [stdout] 
[INFO] [stdout] error: aborting due to 3 previous errors; 1 warning emitted
[INFO] [stdout] 
[INFO] [stdout] 
[INFO] [stdout] Some errors have detailed explanations: E0432, E0583.
[INFO] [stdout] 
[INFO] [stdout] For more information about an error, try `rustc --explain E0432`.
[INFO] [stdout] 
[INFO] [stderr] error: could not compile `rspgod`.
[INFO] [stderr] 
[INFO] [stderr] To learn more, run the command again with --verbose.
[INFO] running `Command { std: "docker" "inspect" "9514a836db11f0ba01e42c387788869326e08c9f69f4732e7ae343b3ad96c287", kill_on_drop: false }`
[INFO] running `Command { std: "docker" "rm" "-f" "9514a836db11f0ba01e42c387788869326e08c9f69f4732e7ae343b3ad96c287", kill_on_drop: false }`
[INFO] [stdout] 9514a836db11f0ba01e42c387788869326e08c9f69f4732e7ae343b3ad96c287
